 5*c - 2. Let r(b) = 7*s(b) - 3*v(b). Determine r(-2).
-2
Let h(t) = t**3 - 6*t**2 - 9*t + 6. Suppose -4*m + 3*g - g + 32 = 0, 3*m - 5*g = 31. Determine h(m).
-8
Let i(z) = z**3 - 7*z**2 + 7*z - 2. Let t(r) be the third derivative of -7/24*r**4 - 1/60*r**5 + 0*r - r**2 + r**3 + 0. Let j be t(-7). Calculate i(j).
4
Let z(k) = -k**2 + 4*k - 3. Let l = 11 + -8. Let p be l/12*2*6. What is z(p)?
0
Let i(l) be the second derivative of -l**6/120 + l**5/30 - l**4/8 - 3*l**3/2 + 9*l. Let z(u) be the second derivative of i(u). Give z(2).
-7
Let h(d) = 12*d**3 - 24*d**3 + 4*d**2 - 3*d + 13*d**3 - 1. Give h(-5).
-11
Let o(b) = b**2 + b + 1. Let n(t) = 5*t**2 - 1. Let q(x) = -n(x) + 3*o(x). Suppose 0 = -c + p + 5, -p = c - 1 - 0. Determine q(c).
-5
Suppose -5*o - 1 = -41. Let h(c) = c**2 - 7*c + 2. Give h(o).
10
Let c(p) = p**2 - 9 + 11 - 2. Calculate c(4).
16
Suppose 0 = 5*j - 6 - 9. Let a(c) = -c**j - c + 7 + 2*c**3 + 0 + 0 + c**2. What is a(0)?
7
Let g be (-1)/(-1) - 3/3. Let m(k) = 5*k + 29. Let l(a) = a + 2*a - a + 13 - 3. Let s(z) = -8*l(z) + 3*m(z). What is s(g)?
7
Suppose 3*p = -2*p. Suppose p*y + 9 = -3*y, 0 = -c - 3*y - 4. Let r(s) = -3*s**2 - 3*s**2 - 3 + 7*s + s**2 + 4*s**2. Determine r(c).
7
Let v be (-1)/(3*3/27). Let b be 13/5 + v/5. Let h(z) = -2*z - 3*z**2 - 3*z**2 + 5*z**2 - 1. Calculate h(b).
-9
Let n(g) = g**2 - 2*g - 3. Let h be n(4). Let w(r) = -r**2 + 6. Let y(j) = j + 1 - 1. Let x(o) = -w(o) - 2*y(o). Determine x(h).
9
Let o(q) = 3*q - 38. Let f(l) = -l + 13. Let v(s) = 17*f(s) + 6*o(s). What is v(5)?
-2
Let u(k) be the second derivative of k**3/3 + 3*k**2/2 - k. Let x(z) = -z**3 - 4*z**2 - 5. Let o = 10 - 14. Let i be x(o). Determine u(i).
-7
Let f(y) be the third derivative of -y**6/120 - 11*y**5/60 - 3*y**4/8 + y**3 - 14*y**2. Give f(-10).
-4
Let f(s) = 3*s - 1. Let h(t) = 1. Let x = 9 + -7. Let r(u) = x*h(u) + f(u). What is r(3)?
10
Let x(n) be the second derivative of n**4/12 - n**3/2 + 2*n**2 - 7*n. Calculate x(4).
8
Let s(p) = -2 - 1 - 4*p - 1 - 10*p**3. Let b(o) = 21*o**3 + 9*o + 9. Let q = 0 + -4. Let k(n) = q*b(n) - 9*s(n). Give k(-1).
-6
Let v(d) = 3*d - 1. Let r be 5 - 6 - (0 + -4). Suppose -r*w + 4 = 10. Calculate v(w).
-7
Let p(c) be the second derivative of c**2 + 0 - 2/3*c**3 + 1/12*c**4 - c. Let a = -4 + 8. Determine p(a).
2
Let u(a) = a**3 - a**2 - 5*a + 3. Let c(n) = -n**2 + 5*n + 2. Let p be c(5). Let m be (-1 - 0)/(p/(-6)). Give u(m).
6
Let w(t) = -t + 6. Suppose 5*k = 14 + 21. Determine w(k).
-1
Suppose -2*a - 5*j + 7 - 3 = 0, a = 2*j + 2. Let k(b) be the third derivative of 1/4*b**4 - 1/2*b**3 + 0 - 1/60*b**5 + 0*b + 3*b**a. Give k(2).
5
Let c(u) be the first derivative of -u**3/3 - u**2/2 - 3*u - 3. Calculate c(4).
-23
Let a(t) be the second derivative of 0 + 3*t - 3*t**2 + 1/12*t**4 + 5/6*t**3. Suppose -25 = 5*j - 0*j - 2*s, j - s = -5. What is a(j)?
-6
Let s be -5*(-3)/(-6)*-2. Let i(w) = 2*w**2 + 3*w + 5. Let h(n) = -3*n**2 - 6*n - 10. Let b(d) = -3*h(d) - 5*i(d). Give b(s).
-5
Let p(t) = 3*t - 2. Let x(h) = -h**2 + 10*h - 6. Let m(v) = 7*p(v) - 2*x(v). Determine m(2).
8
Let l(q) = 6*q**2 - 7*q + 6. Let x(s) = 5*s**2 - 6*s + 5. Let f(h) = 4*l(h) - 5*x(h). What is f(1)?
0
Let z(o) be the second derivative of o**4/12 - o**3 - 3*o**2/2 + 11*o. Calculate z(5).
-8
Let h = -9 + 12. Let j be (-2)/3 - (-11)/h. Let q(p) = -p**3 + 5*p**2 - 2*p - 3. Determine q(j).
9
Let x be 2/17 + (-234)/(-34). Let r(g) = 0*g**2 - 4 + g**3 - 8*g - x*g**2 + 14*g. Calculate r(6).
-4
Let g = -83 - -77. Let j(i) = -i**3 - 5*i**2 + 6*i - 6. Calculate j(g).
-6
Let l(k) = -k**3 + 2*k**2 + 3*k + 1. Suppose x - 20 = -3*z - 8, -2*x = -z - 3. Calculate l(z).
1
Let o(x) = -5*x**2 + x - 8. Let k(a) = 4*a + 0*a**2 + a**2 + 7 + 3*a**2 - 5*a. Let t(y) = 6*k(y) + 5*o(y). Let r = -1 + -1. Determine t(r).
0
Let m(k) = k**2 + 4*k - 1. Let o(w) = -w**2 - 3*w + 1. Let v(l) = 3*m(l) + 4*o(l). Calculate v(4).
-15
Let f(v) = v**2 + 1. Let z be f(-1). Let p(a) = -a + 2. Give p(z).
0
Let s = 11 - 7. Let h(t) = s*t - t - 4*t + 0*t + 5. What is h(0)?
5
Let s be (-1 + 2)/(1/4). Let t(q) = -3*q**3 - 1 + 258*q**2 - 2*q - 261*q**2 + 4*q**3. What is t(s)?
7
Suppose -30 = -6*l + l. Let y(z) be the first derivative of z**2/2 + z - 1. Let a(u) = u**3 - 7*u**2 + 11*u + 10. Let v(i) = a(i) - 5*y(i). What is v(l)?
5
Let z(l) = 2*l**2 - 3*l. Let c be z(2). Let r(p) = 4*p - 5*p + 1 + p**2 - c*p**2 + 2*p**2. Give r(4).
13
Suppose -o = -6*o - 10. Let v be 1 - -1*(0 + 2). Let b(c) = -3*c**3 + 3 + 3*c**2 - 4 + 4*c**v. Give b(o).
3
Let i be ((-27)/18)/((-26)/(-20) - 1). Let s(o) = -20*o**3 + 5*o**2 + 32*o + 2. Let l(t) = 7*t**3 - 2*t**2 - 11*t - 1. Let v(h) = -17*l(h) - 6*s(h). Give v(i).
5
Let u(j) = j + 6. Let i(b) = b - 4. Let a be i(6). Suppose 0 = x - a*x + 4. Suppose 12 = -x*m - 8. Calculate u(m).
1
Suppose 3*v = 9, 2*v - 18 = -5*b - 2. Suppose d + b*d = 36. Suppose 2*h + h = -d. Let f(z) = z**3 + 4*z**2 - z - 2. Give f(h).
2
Let d = -3 - -4. Let u(x) = 23*x + 2*x**2 - 14*x - 10*x. What is u(d)?
1
Let g(l) = 4*l + 8 - 8 - l**2 - 5. Let k(d) = d - 1. Let u(f) = g(f) - 6*k(f). Determine u(-2).
1
Let v be 25/300*(4*-6)/(-2). Let p(k) = -12*k**2 + 4*k + 7. Let b(a) = 4*a**2 - a - 2. Let w(d) = -7*b(d) - 2*p(d). What is w(v)?
-5
Let d be (42 - (0 - -3)) + 3. Let r(x) = -d*x - x**3 + 39*x + 2*x**3 + 3. Determine r(2).
5
Suppose 4*y = -2*k + 28, 2*y - 6*k - 2 = -k. Let v(l) be the second derivative of l**4/12 - 7*l**3/6 + 3*l**2 - 12*l. What is v(y)?
0
Let a(w) = -4*w**2 + 3 + 6 - 5*w + 3*w**2. Let g be 3 + (-3 - -4)*-10. Let z be a(g). Let p(k) = k**2 + 7*k + 2. Give p(z).
-8
Let k(q) be the first derivative of q**6/120 - q**5/60 - q**4/24 + 5*q**3/6 + q**2 + 3. Let m(y) be the second derivative of k(y). Calculate m(0).
5
Let y = -32 - -28. Let h(v) = -v**2 - 2*v - 5. What is h(y)?
-13
Let c(b) = -b**3 - 18*b**2 - 15*b + 38. Let v be c(-17). Let f(m) = m - 5. Calculate f(v).
-1
Let u be ((-16)/(-2))/(4/2). Suppose -u = -s + 3*s. Let k(h) = -h**3 + 2*h + 0*h + 2 + 0*h - h**2. Give k(s).
2
Let p(y) = -y - 1. Let m(j) = -j + 4. Let b(g) = m(g) + 2*p(g). Let c be b(-1). Let v(i) = i**3 - 6*i**2 + 3*i + 5. Give v(c).
-5
Let c be (0 + -6)*20/15*-1. Let n(s) = -s**3 + 7*s**2 + 5*s + 10. Determine n(c).
-14
Let y = -13 - -15. Let q(r) be the first derivative of -1/3*r**3 + r - y + 3*r**2. Calculate q(5).
6
Suppose 0 = 13*f - 9*f + 24. Let h(j) be the third derivative of j**4/8 + 4*j**3/3 - 2*j**2. Determine h(f).
-10
Let v(z) = -z + 2. Let p be v(2). Let r(a) be the third derivative of a**4/24 - 7*a**3/6 + 2*a**2. Give r(p).
-7
Let f(x) = -220*x - 219*x - 11 + 438*x. What is f(-5)?
-6
Suppose -5*r - 24 - 1 = 0. Let s(z) be the third derivative of z**6/120 + z**5/15 - 5*z**4/24 - 5*z**3/6 - z**2. Give s(r).
-5
Let f(h) be the third derivative of -h**4/6 - 3*h**3/2 + 6*h**2. Determine f(-6).
15
Let l(x) = -x**3 - 3*x**2 + 4. Suppose 0*w = 3*w + 9. Calculate l(w).
4
Let t = -6 - -4. Let m be t/6 - (-7)/3. Let j(a) = a + 2. What is j(m)?
4
Let w(u) = -2*u - 6 + 6. Let f be 14*1/(-2) - -3. What is w(f)?
8
Let u be (-15 - -6)*2/(-6). Suppose 6 = u*y - 6. Let z(r) = r**2 - 5*r - 2. What is z(y)?
-6
Suppose 0 = 5*m + 20, b - 6*m + 2*m = 11. Let o = -3 + 5. Let n(k) = k**2 - 58 - o*k**2 + 57 - 3*k. What is n(b)?
-11
Let g(a) = -a**3 - 8*a**2 - 2*a + 5. Let n(s) = 3*s**3 + 16*s**2 + 3*s - 9. Let o(q) = -5*g(q) - 2*n(q). Determine o(8).
25
Let t(w) = -w + 5. Let s(b) = b - 5. Let y(k) be the third derivative of -k**4/8 - 5*k**3/6 - k**2. Let l be y(-4). Let i(x) = l*t(x) + 6*s(x). Determine i(0).
5
Suppose 0 = -0*p + 2*p - 4. Suppose 0 = 2*d + p*d. Let w(f) = f**2 - f + 3. Give w(d).
3
Let z(h) = -5*h**2 + 2*h - 1. Let j = 55 + -54. What is z(j)?
-4
Let t(k) = -3*k**3 - 2*k**3 + 6*k**3 - 4*k**2 + k. Let v(y) = y**3 + 6*y**2 - 6*y + 10. Let r be 36/(-5) + (-2)/(-10). Let b be v(r). Determine t(b).
-6
Suppose 3*j = -2*j + 15. Let g(k) = 0*k**3 + 3*k**2 + 0*k**3 - 5*k**3 + 4*k**3 - 3 - 2*k. What is g(j)?
-9
Let y(p) be the first derivative of p**2/2 - p - 2. Let h = 117 - 112. Give y(h).
4
Let w(j) = -2*j**2 + 146*j - 5 - 294*j + 144*j + j**2. What is w(-6)?
-17
Let g(d) = -d**3 - 7*d**2 - d - 3. Let y = 15 - 22. Determine g(y).
4
Suppose 0 = -3*n + 7 + 11. Let y(h) = 3*h - 5. Let i(r) = 1. Let